igit of k?
0
Let a = -96 + 185. Let z = a + -78. What is the units digit of z?
1
Let a be (4/(-12))/((-2)/372). Suppose 4*l - 3*z - a = 0, -2*l - 4*z = -9*z - 38. Let m = l + -9. What is the units digit of m?
5
Suppose -11037 = 25*r - 47012. What is the tens digit of r?
3
Let n = -15 + 27. Let o be (-2)/(-7) + 4/(-14). Suppose i - 3*z + n = o, -10 - 12 = i - 5*z. What is the units digit of i?
3
Let u(t) be the second derivative of -t**3/6 - 7*t**2/2 + 6*t. Let i be u(-7). Suppose i = -5*b + 4*r + 15, 3*r + 8 = 4*b - r. What is the units digit of b?
7
Let k(m) = -2*m - 3. Suppose 2*l - 2*q = -112, 4*q - 168 = 4*l - l. Let n be (3/(-2))/((-6)/l). What is the tens digit of k(n)?
2
Suppose 10304 = -22*a + 49178. What is the tens digit of a?
6
Let y(k) = -4*k + 15. Let r be y(-12). What is the tens digit of r/(-4)*(-16)/4?
6
Suppose -6*q + 9*q = -24. Let c(z) = z**3 + 8*z**2 - 11*z + 4. What is the units digit of c(q)?
2
What is the hundreds digit of ((-4)/12)/(1 - (-1472)/(-1470))?
2
Suppose 13*z = 19*z - 5622. What is the units digit of z?
7
Suppose 4*h = -5*x - 233, 2*h = x - 1 - 98. Let j = -16 - h. What is the units digit of j?
6
Let j(n) = -n**3 + 11*n**2 - 9*n - 9. Let b be j(10). Suppose -27 - b = -4*m. Let x(d) = -d**3 + 8*d**2 - 3. What is the tens digit of x(m)?
4
Suppose 0 = 3*l - 2*t - 205, 49*t = 3*l + 53*t - 211. What is the tens digit of l?
6
Let a(i) = 10*i - 34. Suppose -4*o + 88 = -5*r, -6*o = -3*o - 5*r - 66. What is the tens digit of a(o)?
8
Suppose 2*c = 3*c + 4, -5*n + 41 = -4*c. Suppose -n = -g + 8. What is the units digit of g?
3
Suppose -58 = 4*g - 178. Let m be 12/g + (-193)/(-5). Suppose -m - 29 = -4*a. What is the units digit of a?
7
What is the tens digit of 4*(-9)/(-12) + -4 - -79?
7
What is the hundreds digit of (0/(-4) - -2)*(-5230)/(-20)?
5
Let o = 462 + 1029. What is the hundreds digit of o?
4
Suppose -3*g - a - 48 = -4*a, 89 = -5*g + 2*a. Let p = g - -59. Suppose 2*y - 2*s = p, -5*y + 101 = 4*s - 35. What is the tens digit of y?
2
Let r = -149 - -214. Let i = r + -41. Let l = 40 - i. What is the tens digit of l?
1
Suppose 2*i + 2*i - 308 = -3*j, 2*i = j - 116. Suppose -2*w + 3*c + 46 = -j, 0 = -3*w + 3*c + 228. What is the units digit of w/4*-2*-1?
7
Suppose -3*s = -134 + 50. Let o be (4/(-10))/(13/(-260)). Let v = o + s. What is the units digit of v?
6
Let x = 26 + -12. Let l(y) = 4*y - 15. What is the units digit of l(x)?
1
Let y = 4367 + -2152. What is the tens digit of y?
1
Let w(p) = p**3 - 13*p**2 + 5*p - 22. Let y be w(12). Let l = y - -195. What is the units digit of l?
9
Suppose -38379 = -6*c - 27*c. What is the units digit of c?
3
Suppose b + 0*b = 0. Suppose -4*z + 75 + 13 = b. What is the tens digit of z?
2
Let m(l) = -l - 2. Let q be m(-4). Suppose -2*z + 12 = -q*i - 12, 48 = 5*z - i. Let g = 12 - z. What is the units digit of g?
3
Suppose -3*f + 4*f = -0*f. What is the units digit of (f - 1 - -2)*(61 + -40)?
1
Suppose 30*a - 19*a - 44132 = 0. What is the units digit of a?
2
Let f(r) = 4*r**2. Let b(g) = g**2. Let x = 19 + -29. Let j(d) = x*b(d) + 3*f(d). What is the units digit of j(-1)?
2
Suppose -4*a = -33*a + 25172. What is the hundreds digit of a?
8
Let r be (45/10 + -4)*8. Suppose l = 4*a - 245, 0 = -5*a + 3*a + r*l + 112. What is the units digit of a?
2
Let g be 3*((-3940)/12 + -2). Let o = 1495 + g. Suppose -3*w - 4*w = -o. What is the tens digit of w?
7
Let r(b) = 8*b**3 - 1. Let m be r(3). Suppose -4*t - m = t. Let i = -2 - t. What is the units digit of i?
1
Let j(s) = -3*s**3 + 5*s**2 - 3*s + 12. Let b(y) = -2*y**3 + 6*y**2 - 2*y + 13. Let f(h) = 4*b(h) - 3*j(h). What is the units digit of f(-9)?
7
Suppose 4*g + 92 = 2*w, w + 2*g + 214 = 6*w. Let p be 24/14 - (-2)/7. Suppose -p*t - 16 = -w. What is the units digit of t?
3
Suppose -5*i + 2*j = -11, -3*i = -4*j + 6*j - 13. Suppose -3*f = -4*d - d + 611, d - i*f - 115 = 0. What is the units digit of d?
4
Let n(b) = 11*b**2 - 36*b - 42. What is the hundreds digit of n(11)?
8
Let o = 1387 - 908. What is the units digit of o?
9
Let r = -3 - -65. What is the tens digit of r?
6
Let b(a) = 7*a - 3. Let k be b(-4). Suppose 15 = -3*n, -2*y - 5*n = -0*y + 15. Let x = y - k. What is the units digit of x?
6
Let q(j) = 66*j - 46. Let h be q(-7). What is the units digit of 2/((-8)/h*(2 + -1))?
7
Let m(g) = -248*g + 154. What is the thousands digit of m(-5)?
1
Let a(k) = k**3 + 5*k**2 + 2*k + 7. Let z be a(-5). Let p(w) = 3*w. Let b be p(z). Let s = -8 - b. What is the units digit of s?
1
What is the tens digit of 4/30 - (-16)/180*2721?
4
Let a = -139 - -1223. What is the thousands digit of a?
1
Let i(y) = y**3 + 6*y**2 + y. Let c = -4 + 14. Suppose 5*v + 2*u + 25 = 0, -c = 5*v - u - 0*u. What is the tens digit of i(v)?
2
Let n = -1287 + 2199. What is the hundreds digit of n?
9
Suppose 4*b + 4*j + j - 2932 = 0, -3648 = -5*b - 2*j. What is the tens digit of b?
2
Suppose 0 = 2*m - 3*c - 169, -4*m - 3*c = -m - 276. What is the units digit of m?
9
Let o be (-2)/(-4) - (-70)/28. Suppose 2*f + 28 = o*f. What is the units digit of f?
8
Let z = -68 - -69. What is the tens digit of (95 - z)*(-50)/(-20)?
3
Suppose -3*w - 2*p + 584 = 0, w - 2*p = -0*p + 200. Let r = 397 - w. What is the tens digit of r?
0
Let a(o) = -o**3 + 21*o**2 + 35*o + 61. What is the thousands digit of a(12)?
1
Let x = -78 + 259. Let t = x - 7. What is the hundreds digit of t?
1
Let z(j) = -3*j**2 + 3 + 3*j**3 + 3*j - 4 + j**3 + j**2. Let i be z(2). Suppose -11 = -4*q - 4*a + i, 3*a - 6 = 0. What is the units digit of q?
8
Suppose -3602 = -2*c - 4*z, -9*c = -5*c - 5*z - 7152. What is the units digit of c?
3
Suppose -9*m = -49 + 13. Let d(v) = 22*v + 4. What is the units digit of d(m)?
2
Let g = 2686 - 1082. What is the thousands digit of g?
1
Suppose 19*a + 69 = 20*a. Suppose -a = 4*s - 281. What is the units digit of s?
3
Suppose 4*m = -12*m + 18*m. Let u(b) = b**3 - 3*b**2 - 6*b - 1. Let w be u(5). Let j = w + m. What is the units digit of j?
9
Let h(b) = -b**3 - 14*b**2 + 17. Let u(i) = 3*i + 10. Let x be u(-8). Let a be h(x). Suppose -a = -c + 20. What is the units digit of c?
7
Let d(m) = -m**3 + 6*m**2 + 21*m + 55. What is the tens digit of d(-9)?
8
Let z be 6*114/(-36)*-2. Let o = 145 - z. What is the tens digit of o?
0
Let m(r) = 10*r**2 + r - 20. What is the tens digit of m(7)?
7
Let j = 11 + -1. Suppose -4*y - y = -j. Suppose u - 26 = 2*l, -22 = -2*u + y*l + 36. What is the tens digit of u?
3
Let m = 2088 + -1437. What is the tens digit of m?
5
Suppose -4*b + 2404 = 4*a, -3590 + 597 = -5*b + a. What is the hundreds digit of b?
5
Let s be -18 - 0 - (4 + 7 - 9). Suppose 0 = -2*i + 4*i - 114. Let g = s + i. What is the tens digit of g?
3
Let w(b) = 203*b + 275. What is the tens digit of w(4)?
8
Let f(u) = u**3 - 5*u**2 - 10*u + 1. Let v(g) = g**2 - 14*g + 20. Let r be v(13). What is the tens digit of f(r)?
2
Let y(x) = -x**3 + 2*x**2 - 4*x - 25. What is the tens digit of y(-8)?
4
Suppose 0 = 5*v - b - 909, 4*b = -5*v + 788 + 126. What is the tens digit of v?
8
Let f be (6 + -4)/((-4)/(-270)). Suppose 3*s - 5*d = -75, -5*s + 3*d + 2*d - f = 0. What is the units digit of (-6)/15 - 1752/s?
8
Let s = 284 + -74. Let t = 368 - s. What is the tens digit of t?
5
What is the units digit of (-236 - -48)/(((-6)/(-14))/(-3))?
6
Let f = 1138 + -738. What is the units digit of f?
0
Let u be (-4 + -1)*(-12)/20. Suppose 7 + 8 = u*j. Suppose 4*g + 3*k = 88, 2*g - 120 = -2*g + j*k. What is the tens digit of g?
2
Let f be (-4)/20 + 48/15. What is the tens digit of (-2)/(3/(-144)*f)?
3
Suppose 0 = -i + 4*w - 8, 3*i + 3*w - 6*w - 3 = 0. Suppose 0 = i*f - 1 + 9. What is the units digit of (-2 + f)*77/(-14)?
2
Suppose 124 + 31 = 5*a. Suppose 2*x - 61 = a. What is the units digit of x?
6
Suppose -3*d - d + 99 = -3*i, 28 = d - 4*i. Suppose 2*y = -d + 132. What is the units digit of y?
4
What is the tens digit of 5/(-10)*8 + 1342?
3
Let b = 4 + -2. Let d be 10/6*(18/(-30))/(-1). What is the units digit of d*2/b*9?
9
Let n(j) = 2*j**2 - 12. Let f be n(0). What is the tens digit of (-8)/f - 106/(-3)?
3
What is the tens digit of -9 + 1093 + -4 + 2 + 0?
8
Suppose 3*x - 4*r - 332 = 0, 4*r = -2*x + 97 + 91. Suppose -5*f - b + 4*b + x = 0, 3*f - 66 = 3*b. What is the tens digit of f?
1
Let s be 2/(-10) + (-29)/5. S